{"id":734,"date":"2026-02-24T15:18:09","date_gmt":"2026-02-24T15:18:09","guid":{"rendered":"https:\/\/gruene-selters.de\/?page_id=734"},"modified":"2026-02-25T12:37:48","modified_gmt":"2026-02-25T12:37:48","slug":"antraege-und-anfragen","status":"publish","type":"page","link":"https:\/\/gruene-selters.de\/?page_id=734","title":{"rendered":"Antr\u00e4ge und Anfragen"},"content":{"rendered":"\n<p class=\"has-weiss-color has-magenta-background-color has-text-color has-background has-link-color wp-elements-ac2d78cfb2847f9db2f722dfb8f87e26\">Hier findest Du unsere Initiativen von 2021 &#8211; 2026. Unser Anliegen ist es, die politische Arbeit der Fraktion transparent und nachvollziehbar zu gestalten. Es ist eine \u00dcbersicht \u00fcber unsere Antr\u00e4ge und Anfragen mit denen wir Selters \u00f6kologisch, sozial und demokratisch voranbringen m\u00f6chten. Gemeinsam arbeiten wir daran, nachhaltige L\u00f6sungen f\u00fcr lokale Herausforderungen zu entwickeln und eine lebenswerte Zukunft f\u00fcr alle B\u00fcrgerinnen und B\u00fcrger der Region zu schaffen.<\/p>\n\n\n\n<p>\u00dcber das <strong><a href=\"https:\/\/selters-taunus.gremien.info\/\">Rats- und B\u00fcrgerinformationssystem<\/a><\/strong> hast Du zus\u00e4tzlich die M\u00f6glichkeit durch Eingabe der Nummer nach Vorlagen, Sitzungen, Niederschriften und Beschl\u00fcssen zu recherchieren. Des Weiteren kannst Du Dir dort \u00fcber die Kalenderfunktion einen \u00dcberblick \u00fcber die kommenden Termine verschaffen.<\/p>\n\n\n\n<figure class=\"wp-block-table\"><table><thead><tr><th>Antr\u00e4ge<\/th><th>Nummer<\/th><th>Status<\/th><\/tr><\/thead><tbody><tr><td><a href=\"https:\/\/gruene-selters.de\/wp-content\/uploads\/2026\/02\/ANT_2000_0397_Gemeindepfleger.pdf\">Gemeindepflegerin-Gemeindepfleger<\/a><\/td><td>ANT\/2000\/0397<\/td><td>&nbsp;<\/td><\/tr><tr><td><a href=\"https:\/\/gruene-selters.de\/wp-content\/uploads\/2026\/02\/ANT_2000_0396_Buergerbuero.pdf\">B\u00fcrgerb\u00fcro<\/a><\/td><td>ANT\/2000\/0396<\/td><td>&nbsp;<\/td><\/tr><tr><td><a href=\"https:\/\/gruene-selters.de\/wp-content\/uploads\/2026\/02\/ANT_2000_0395_Seniorenbeirat.pdf\">Seniorenbeirat<\/a><\/td><td>ANT\/2000\/0395<\/td><td>&nbsp;<\/td><\/tr><tr><td><a href=\"https:\/\/gruene-selters.de\/wp-content\/uploads\/2026\/02\/ANT_2000_0394_Buergersprechstunde-in-der-Gemeindevertretung.pdf\">B\u00fcrgersprechstunde in der Gemeindevertretung<\/a><\/td><td>ANT\/2000\/0394<\/td><td>&nbsp;<\/td><\/tr><tr><td><a href=\"https:\/\/gruene-selters.de\/wp-content\/uploads\/2026\/02\/GVE_2026_0204_Beschluss-von-TOP-6_HH-Plan_Ausruestung-fuer-nachhaltige-Gruenflaechenpflege-.pdf\">Bauhof-Ausr\u00fcstung f\u00fcr nachhaltige Gr\u00fcnfl\u00e4chenpflege<\/a><\/td><td>GVE\/2026\/0204<\/td><td><\/td><\/tr><tr><td><a href=\"https:\/\/gruene-selters.de\/wp-content\/uploads\/2026\/02\/GVE_2026_0204_Beschluss-von-TOP-6_HH-Plan_Aktualisierung-Landschaftsplan-.pdf\">Aktuallisierung Landschaftsplan<\/a><\/td><td>GVE\/2026\/0204<\/td><td><\/td><\/tr><tr><td><a href=\"https:\/\/gruene-selters.de\/wp-content\/uploads\/2026\/02\/ANT_2000_0393_Eigener-Wassermeister-und-neue-Betriebsfuehrungs-_Dienstleistungsvertraege.pdf\">Eigener Wassermeister und neue Betriebsf\u00fchrungs-\/Dienstleistungsvertr\u00e4ge<\/a><\/td><td>ANT\/2000\/0393<\/td><td>&nbsp;<\/td><\/tr><tr><td><a href=\"https:\/\/gruene-selters.de\/wp-content\/uploads\/2026\/02\/ANT_2000_0392_Rebhuhn-Schutzraeume.pdf\">Rebhuhn-Schutzr\u00e4ume<\/a><\/td><td>ANT\/2000\/0392<\/td><td>&nbsp;<\/td><\/tr><tr><td><a href=\"https:\/\/gruene-selters.de\/wp-content\/uploads\/2026\/02\/GVE_2026_01741_Integriertes-Klimaschutzkonzept_Finale-Entwurfsfassung.pdf\">Integriertes Klimaschutzkonzept<\/a><\/td><td>GVE\/2026\/01741<\/td><td>&nbsp;<\/td><\/tr><tr><td><a href=\"https:\/\/gruene-selters.de\/wp-content\/uploads\/2026\/02\/ANT_2000_0382_Flaechen-fuer-Windenergieanlagen.pdf\">Pr\u00fcfauftrag Fl\u00e4chen f\u00fcr Windkraftanlagen<\/a><\/td><td>ANT\/2000\/0382<\/td><td>&nbsp;<\/td><\/tr><tr><td><a href=\"https:\/\/gruene-selters.de\/wp-content\/uploads\/2026\/02\/ANT_2000_0379_Photovoltaik-auf-den-Vorbehaltsflaechen-unserer-Gemeinde.pdf\">Photovoltaik auf den Vorbehaltsfl\u00e4chen unserer Gemeinde<\/a><\/td><td>ANT\/2000\/0379<\/td><td>&nbsp;<\/td><\/tr><tr><td><a href=\"https:\/\/gruene-selters.de\/wp-content\/uploads\/2026\/02\/ANT_2000_0378_Bildung-eines-Akteneinsichtsausschuss.pdf\">Bildung eines Akteneinsichtsausschuss<\/a><\/td><td>ANT\/2000\/0378<\/td><td>&nbsp;<\/td><\/tr><tr><td><a href=\"https:\/\/gruene-selters.de\/wp-content\/uploads\/2026\/02\/ANT_2000_0377_Energieberatung_-Solardachberatung-durch-neutrale-Fachberater-im-Rathaus.pdf\">Energieberatung\/ Solardachberatung durch neutrale Fachberater im Rathaus<\/a><\/td><td>ANT\/2000\/0377<\/td><td>&nbsp;<\/td><\/tr><tr><td><a href=\"https:\/\/gruene-selters.de\/wp-content\/uploads\/2026\/02\/ANT_2000_0376_Beitritt-zu-Kommunen-fuer-biologische-Vielfalt-e.V.pdf\">Beitritt zu &#8222;Kommunen f\u00fcr biologische Vielfalt e.V.<\/a><\/td><td>ANT\/2000\/0376<\/td><td>&nbsp;<\/td><\/tr><tr><td><a href=\"https:\/\/gruene-selters.de\/wp-content\/uploads\/2026\/02\/ANT_2000_0375_Photovoltaik-auf-den-privilegierten-Flaechen-an-Autobahn-_Schienenrand.pdf\">Photovoltaik auf den privilegierten Fl\u00e4chen an Autobahn-\/Schienenrand<\/a><\/td><td>ANT\/2000\/0375<\/td><td>&nbsp;<\/td><\/tr><tr><td><a href=\"https:\/\/gruene-selters.de\/wp-content\/uploads\/2026\/02\/ANT_2000_0372_Resolution-zur-finanziellen-Ausstattung.pdf\">Resolution zur finanziellen Ausstattung<\/a><\/td><td>ANT\/2000\/0372<\/td><td>&nbsp;<\/td><\/tr><tr><td><a href=\"https:\/\/gruene-selters.de\/wp-content\/uploads\/2026\/02\/ANT_2000_0371_Nahversorgung.pdf\">Nahversorgung<\/a><\/td><td>ANT\/2000\/0371<\/td><td>&nbsp;<\/td><\/tr><tr><td><a href=\"https:\/\/gruene-selters.de\/wp-content\/uploads\/2026\/02\/ANT_2000_0368_Pilotproiekt-oekologische-Gruenflaeche-Dreschplatz-Muenster.pdf\">Pilotprojekt \u00f6kologische Gr\u00fcnfl\u00e4che &#8211; Dreschplatz M\u00fcnster<\/a><\/td><td>ANT\/2000\/0368<\/td><td>&nbsp;<\/td><\/tr><tr><td><a href=\"https:\/\/gruene-selters.de\/wp-content\/uploads\/2026\/02\/ANT_2000_0367_Gaertnerin_Gaertner-fuer-den-Bauhof.pdf\">G\u00e4rtnerin\/G\u00e4rtner f\u00fcr den Bauhof<\/a><\/td><td>ANT\/2000\/0367<\/td><td>&nbsp;<\/td><\/tr><tr><td><a href=\"https:\/\/gruene-selters.de\/wp-content\/uploads\/2026\/02\/ANT_2000_0366_Naturnahe-Gruenflaechen-_-Gruenflaechenmanagement.pdf\">Naturnahe Gr\u00fcnfl\u00e4chen \/ Gr\u00fcnfl\u00e4chenmanagement<\/a><\/td><td>ANT\/2000\/0366<\/td><td>&nbsp;<\/td><\/tr><tr><td><a href=\"https:\/\/gruene-selters.de\/wp-content\/uploads\/2026\/02\/ANT_2000_0364_Foerdermassnahmen-fuer-das-Kinder-und-Jugendparlament.pdf\">F\u00f6rderma\u00dfnahmen f\u00fcr den Kinder- und Jugendbeirat<\/a><\/td><td>ANT\/2000\/0364<\/td><td>&nbsp;<\/td><\/tr><tr><td><a href=\"https:\/\/gruene-selters.de\/wp-content\/uploads\/2026\/02\/ANT_2000_0363_Veraeusserung-Gewerbeflaechen-Preisanpassung.pdf\">Ver\u00e4u\u00dferung Gewerbefl\u00e4chen, Preisanpassung (Oberau)<\/a><\/td><td>ANT\/2000\/0363<\/td><td>&nbsp;<\/td><\/tr><tr><td><a href=\"https:\/\/gruene-selters.de\/wp-content\/uploads\/2026\/02\/ANT_2000_0365_Interkommunale-Zusammenarbeit-mit-Nachbarkommunen-bezueglich-regionaler-Energieerzeugungsanlagen.pdf\">Interkommunale Zusammenarbeit mit Nachbarkommunen bez\u00fcglich regionaler Energieerzeugungsanlagen<\/a><\/td><td>ANT\/2000\/0365<\/td><td>&nbsp;<\/td><\/tr><tr><td><a href=\"https:\/\/gruene-selters.de\/wp-content\/uploads\/2026\/02\/ANT_2000_0355_Biotop-Verbundplanung_-Biotopvernetzung.pdf\">Biotopverbundplan\/Biotopvernetzung<\/a><\/td><td>ANT\/2000\/0355<\/td><td>&nbsp;<\/td><\/tr><tr><td><a href=\"https:\/\/gruene-selters.de\/wp-content\/uploads\/2026\/02\/GVE_2026_0103_Beschluss-von-TOP-5_Zuschusserhoehung-Praeventionsmassnahmen.pdf\">Zusch\u00fcsse f\u00fcr das Frauenhaus Limburg und Gegen unseren Willen e.V.<\/a><\/td><td>GVE\/2026\/0103<\/td><td>&nbsp;<\/td><\/tr><tr><td><a href=\"https:\/\/gruene-selters.de\/wp-content\/uploads\/2026\/02\/ANT_2000_0351_Freiflaechenphotovoltaikanlagen-in-landwirtschaftlich-benachteiligten-Gebieten.pdf\">Freifl\u00e4chenphotovoltaikanlagen in landwirtschaftlich benachteiligten Gebieten<\/a><\/td><td>ANT\/2000\/0351<\/td><td>&nbsp;<\/td><\/tr><tr><td><a href=\"https:\/\/gruene-selters.de\/wp-content\/uploads\/2026\/02\/ANT_2000_0350_Kriterienkatalog-fuer-Freiflaechenphotovoltaikanlagen.pdf\">Kriterienkatalog f\u00fcr Freifl\u00e4chenphotovoltaikanlagen<\/a><\/td><td>ANT\/2000\/0350<\/td><td>&nbsp;<\/td><\/tr><tr><td><a href=\"https:\/\/gruene-selters.de\/wp-content\/uploads\/2026\/02\/ANT_2000_0347_Aufforstung-von-Alleen.pdf\">Aufforstung von Alleen<\/a><\/td><td>ANT\/2000\/0347<\/td><td>&nbsp;<\/td><\/tr><tr><td><a href=\"https:\/\/gruene-selters.de\/wp-content\/uploads\/2026\/02\/ANT_2000_0341_Naturnahe-Gruenflaechen.pdf\">Naturnahe Gr\u00fcnfl\u00e4chen<\/a><\/td><td>ANT\/2000\/0341<\/td><td>&nbsp;<\/td><\/tr><tr><td><a href=\"https:\/\/gruene-selters.de\/wp-content\/uploads\/2026\/02\/ANT_2000_0340_Eigene-Gesellschaft_Genossenschaft-oder-moegliche-Beteiligung.pdf\">Eigene Gesellschaft\/Genossenschaft oder m\u00f6gliche Beteiligung<\/a><\/td><td>ANT\/2000\/0340<\/td><td>&nbsp;<\/td><\/tr><tr><td><a href=\"https:\/\/gruene-selters.de\/wp-content\/uploads\/2026\/02\/ANT_2000_0339_Baumschutzsatzung-_-Baumschutzverordnung.pdf\">Baumschutzsatzung \/ Baumschutzverordnung<\/a><\/td><td>ANT\/2000\/0339<\/td><td>&nbsp;<\/td><\/tr><tr><td><a href=\"https:\/\/gruene-selters.de\/wp-content\/uploads\/2026\/02\/ANT_2000_0329_Biotop-Verbundplan.pdf\">Biotop-Verbundplan<\/a><\/td><td>ANT\/2000\/0329<\/td><td>&nbsp;<\/td><\/tr><tr><td><a href=\"https:\/\/gruene-selters.de\/wp-content\/uploads\/2026\/02\/ANT_2000_0328_Starkregen-Gefahrenkarten.pdf\">Starkregen-Gefahrenkarte<\/a><\/td><td>ANT\/2000\/0328<\/td><td>&nbsp;<\/td><\/tr><tr><td><a href=\"https:\/\/gruene-selters.de\/wp-content\/uploads\/2026\/02\/ANT_2000_0330_Ueberarbeitung-von-Geschaeftsordnungen-und-Hauptsatzung.pdf\">\u00dcberarbeitung von Gesch\u00e4ftsordnungen und Hauptsatzung<\/a><\/td><td>ANT\/2000\/0330<\/td><td>&nbsp;<\/td><\/tr><tr><td><a href=\"https:\/\/gruene-selters.de\/wp-content\/uploads\/2026\/02\/GVE_2026_0089_Aenderungsantrag-Windkraft-Optionen_Geplanter-Windpark-Niederfeld-in-Muenster.pdf\">Geplanter Windpark &#8222;Niederfeld&#8220; in M\u00fcnster<br>Abschluss eines Nutzungsvertrages mit der Fa. DunoAir<\/a><\/td><td>GVE\/2026\/00601<\/td><td>&nbsp;<\/td><\/tr><tr><td><a href=\"https:\/\/gruene-selters.de\/wp-content\/uploads\/2026\/02\/GVE_2026_0090_Aenderungsantrag-Windkraft-Optionen_Geplanter-Windpark-Laubus-in-Haintchen.pdf\">Geplanter Windpark &#8222;Laubuswald&#8220; im Ortsteil Haintchen<br>Abschluss eines Nutzungsvertrages mit der Fa. RES<\/a><\/td><td>GVE\/2026\/00591<\/td><td>&nbsp;<\/td><\/tr><tr><td><a href=\"https:\/\/gruene-selters.de\/wp-content\/uploads\/2026\/02\/ANT_2000_0322_Aktionsplan-zur-Klimakommune.pdf\">Aktionsplan zur Klimakommune<\/a><\/td><td>ANT\/2000\/0322<\/td><td>&nbsp;<\/td><\/tr><tr><td><a href=\"https:\/\/gruene-selters.de\/wp-content\/uploads\/2026\/02\/ANT_2000_0321_Buergerstrom.pdf\">B\u00fcrgerstrom<\/a><\/td><td>ANT\/2000\/0321<\/td><td>&nbsp;<\/td><\/tr><tr><td><a href=\"https:\/\/gruene-selters.de\/wp-content\/uploads\/2026\/02\/Antrag-ANT_2000_0309-Antrag-der-CDU-Fraktion-und-GRUeNEN-vom-06.10.2021__hier_-Haushaltsplan-2022-als-Ein-Jahres-Plan.pdf\">Haushaltsplan 2022 als Ein-Jahres-Plan<\/a><\/td><td>ANT\/2000\/0309<\/td><td>&nbsp;<\/td><\/tr><tr><td><a href=\"https:\/\/gruene-selters.de\/wp-content\/uploads\/2026\/02\/ANT_2000_0308_Stadtradeln.pdf\">\u201eStadtradeln\u201c<\/a><\/td><td>ANT\/2000\/0308<\/td><td>&nbsp;<\/td><\/tr><tr><td><a href=\"https:\/\/gruene-selters.de\/wp-content\/uploads\/2026\/02\/ANT_2000_0307_Radfahren-neu-entdecken-Rad-Testaktion.pdf\">\u201eRadfahren neu entdecken\u201c (Rad-Testaktion)<\/a><\/td><td>ANT\/2000\/0307<\/td><td>&nbsp;<\/td><\/tr><tr><td><a href=\"https:\/\/gruene-selters.de\/wp-content\/uploads\/2026\/02\/ANT_2000_0304_Gefaehrdungsermittlung-zum-Hochwasserschutz.pdf\">Hochwasserschutz_Gef\u00e4hrdungsermittlung<\/a><\/td><td>ANT\/2000\/0304<\/td><td>&nbsp;<\/td><\/tr><tr><td><a href=\"https:\/\/gruene-selters.de\/wp-content\/uploads\/2026\/02\/ANT_2000_0303_Errichtung-von-Freiflaechen-Photovoltaikanlagen.pdf\">Errichtung von Freifl\u00e4chen-Photovoltaikanlagen<\/a><\/td><td>ANT\/2000\/0303<\/td><td>&nbsp;<\/td><\/tr><tr><td><a href=\"https:\/\/gruene-selters.de\/wp-content\/uploads\/2026\/02\/ANT_2000_0302_Erhoehung-der-Waldstilllegungsquote-auf-mindestens-10-Prozent.pdf\">Erh\u00f6hung der Waldstilllegungsquote auf mindestens 10%<\/a><\/td><td>ANT\/2000\/0302<\/td><td>&nbsp;<\/td><\/tr><tr><td><a href=\"https:\/\/gruene-selters.de\/wp-content\/uploads\/2026\/02\/ANT_2000_0301_Aenderung-Bebauungsplan-Vogelwiese.pdf\">\u00c4nderung Bebauungsplan Generationenpark Vogelwiese<\/a><\/td><td>ANT\/2000\/0301<\/td><td>&nbsp;<\/td><\/tr><tr><td><a href=\"https:\/\/gruene-selters.de\/wp-content\/uploads\/2026\/02\/ANT_2000_0296_Nachhaltige-Bauleitplanung-1.pdf\">Nachhaltige Bauleitplanung<\/a><\/td><td>ANT\/2000\/0296<\/td><td>&nbsp;<\/td><\/tr><tr><td><a href=\"https:\/\/gruene-selters.de\/wp-content\/uploads\/2026\/02\/ANT_2000_0295_Solardachfoerderung.pdf\">Solardachf\u00f6rderung<\/a><\/td><td>ANT\/2000\/0295<\/td><td>&nbsp;<\/td><\/tr><tr><td><a href=\"https:\/\/gruene-selters.de\/wp-content\/uploads\/2026\/02\/ANT_2000_0294_Etablierung-eines_einer-Klimaschutzbeauftragten.pdf\">Etablierung eines\/einer Klimaschutzbeauftragten<\/a><\/td><td>ANT\/2000\/0294<\/td><td>&nbsp;<\/td><\/tr><tr><td><a href=\"https:\/\/gruene-selters.de\/wp-content\/uploads\/2026\/02\/GVE_2026_00161_Aussetzen-der-Elternbeitraege-fuer-die-Kinderbetreuung-in-den-Kindertagesstaetten-und-Kinderkrippen_Corona-Einrichtungsschutzverordnung.pdf\">Aussetzung KiTa-Beitr\u00e4ge<\/a><\/td><td>GVE\/2026\/00161<\/td><td>&nbsp;<\/td><\/tr><\/tbody><\/table><\/figure>\n\n\n\n<p><\/p>\n\n\n\n<figure class=\"wp-block-table\"><table><thead><tr><th>Anfragen<\/th><th>Nr.<\/th><th>Status<\/th><\/tr><\/thead><tbody><tr><td><a href=\"https:\/\/gruene-selters.de\/wp-content\/uploads\/2026\/02\/ANF_2000_0344_Ganztagsbetreuung-Grundschule.pdf\">Ganztagsbetreuung Grundschule<\/a><\/td><td>ANF\/2000\/0344<\/td><td>&nbsp;<\/td><\/tr><tr><td><a href=\"https:\/\/gruene-selters.de\/wp-content\/uploads\/2026\/02\/ANF_2000_0341_Umsetzungsstatus-Klimakommune.pdf\">Umsetzungsstatus Klimakommune<\/a><\/td><td>ANF\/2000\/0341<\/td><td>&nbsp;<\/td><\/tr><tr><td><a href=\"https:\/\/gruene-selters.de\/wp-content\/uploads\/2026\/02\/ANF_2000_0333_Optimierungsmassnahmen-fuer-Ablaeufe-Zusammenarbeit-Effektivitaet-und-Effizienz.pdf\">Optimierungsma\u00dfnahmen f\u00fcr Abl\u00e4ufe, Zusammenarbeit, Effektivit\u00e4t und Effizienz<\/a><\/td><td>ANF\/2000\/0333<\/td><td>&nbsp;<\/td><\/tr><tr><td><a href=\"https:\/\/gruene-selters.de\/wp-content\/uploads\/2026\/02\/ANF_2000_0329_Ortsbesichtigungen-von-nachhaltigen-Energieerzeugungsanlagen_-Energiekommunen.pdf\">Ortsbesichtigungen von nachhaltigen Energieerzeugungsanlagen \/ Energiekommunen<\/a><\/td><td>ANF\/2000\/0329<\/td><td>&nbsp;<\/td><\/tr><tr><td><a href=\"https:\/\/gruene-selters.de\/wp-content\/uploads\/2026\/02\/ANF_2000_0330_Forstwirtschaft-und-Everforest.pdf\">Forstwirtschaft und Everforest<\/a><\/td><td>ANF\/2000\/0330<\/td><td>&nbsp;<\/td><\/tr><tr><td><a href=\"https:\/\/gruene-selters.de\/wp-content\/uploads\/2026\/02\/ANF_2000_0331_Informationsveranstaltungen_-Ausstellungen-als-Klimakommune.pdf\">Informationsveranstaltungen\/ Ausstellungen als Klimakommune<\/a><\/td><td>ANF\/2000\/0331<\/td><td>&nbsp;<\/td><\/tr><tr><td><a href=\"https:\/\/gruene-selters.de\/wp-content\/uploads\/2026\/02\/ANF_2000_0326_Integriertes-Klimaschutzkonzept.pdf\">Integriertes Klimaschutzkonzept<\/a><\/td><td>ANF\/2000\/0326<\/td><td>&nbsp;<\/td><\/tr><tr><td><a href=\"https:\/\/gruene-selters.de\/wp-content\/uploads\/2026\/02\/ANF_2000_0324_Sachstand-zum-Antrag-Aufforsten-von-Alleen.pdf\">Sachstand zum Antrag &#8222;Aufforsten von Alleen&#8220;<\/a><\/td><td>ANF\/2000\/0324<\/td><td>&nbsp;<\/td><\/tr><tr><td><a href=\"https:\/\/gruene-selters.de\/wp-content\/uploads\/2026\/02\/ANF_2000_0323_Starkregengefahrenkarte.pdf\">Starkregengefahrenkarte<\/a><\/td><td>ANF\/2000\/0323<\/td><td>&nbsp;<\/td><\/tr><tr><td><a href=\"https:\/\/gruene-selters.de\/wp-content\/uploads\/2026\/02\/ANF_2000_0308_Jagdliche-Belange-in-unserer-Gemeinde.pdf\">Jagdliche Belange in unserer Gemeinde<\/a><\/td><td>ANF\/2000\/0308<\/td><td>&nbsp;<\/td><\/tr><tr><td><a href=\"https:\/\/gruene-selters.de\/wp-content\/uploads\/2026\/02\/ANF_2000_0294_Sachstand-Fliesspfadkarten_-Starkregengefahrenkarten.pdf\">Sachstand Flie\u00dfpfadkarten\/ Starkregengefahrenkarten<\/a><\/td><td>ANF\/2000\/0294<\/td><td>&nbsp;<\/td><\/tr><tr><td><a href=\"https:\/\/gruene-selters.de\/wp-content\/uploads\/2026\/02\/ANF_2000_0295_Wiederherstellung-der-Allee-in-der-Brunnenstrasse.pdf\">Wiederherstellung der Allee in der Brunnenstra\u00dfe<\/a><\/td><td>ANF\/2000\/0295<\/td><td>&nbsp;<\/td><\/tr><tr><td><a href=\"http:\/\/ANF_2000_0296_Kommunaler W\u00e4rmeplan\">Kommunaler W\u00e4rmeplan<\/a><\/td><td>ANF\/2000\/0296<\/td><td>&nbsp;<\/td><\/tr><tr><td><a href=\"https:\/\/gruene-selters.de\/wp-content\/uploads\/2026\/02\/ANF_2000_0287_Massnahmen-aus-dem-Klima-Aktionsplan.pdf\">Ma\u00dfnahmen aus dem Klima-Aktionsplan<\/a><\/td><td>ANF\/2000\/0287<\/td><td>&nbsp;<\/td><\/tr><tr><td><a href=\"https:\/\/gruene-selters.de\/wp-content\/uploads\/2026\/02\/ANF_2000_0282_Radwegeplanung.pdf\">Radwegeplanung<\/a><\/td><td>ANF\/2000\/0282<\/td><td>&nbsp;<\/td><\/tr><tr><td><a href=\"https:\/\/gruene-selters.de\/wp-content\/uploads\/2026\/02\/ANF_2000_0279_Zulaessigkeit-Buergerbegehren.pdf\">Zul\u00e4ssigkeit B\u00fcrgerbegehren<\/a><\/td><td>ANF\/2000\/0279<\/td><td>&nbsp;<\/td><\/tr><tr><td><a href=\"https:\/\/gruene-selters.de\/wp-content\/uploads\/2026\/02\/ANF_2000_0274_Katastrophenschutz-_-Ausfall-kritischer-Infrastruktur.pdf\">Katastrophenschutz \/ Ausfall kritischer Infrastruktur<\/a><\/td><td>ANF\/2000\/0274<\/td><td>&nbsp;<\/td><\/tr><tr><td><a href=\"https:\/\/gruene-selters.de\/wp-content\/uploads\/2026\/02\/ANF_2000_0275_Windkraft-Vertraege.pdf\">Windkraft-Vertr\u00e4ge<\/a><\/td><td>ANF\/2000\/0275<\/td><td>&nbsp;<\/td><\/tr><tr><td><a href=\"https:\/\/gruene-selters.de\/wp-content\/uploads\/2026\/02\/ANF_2000_0272_Rechte-und-Pflichten-von-Beigeordneten.pdf\">Rechte und Pflichten von Beigeordneten<\/a><\/td><td>ANF\/2000\/0272<\/td><td>&nbsp;<\/td><\/tr><tr><td><a href=\"https:\/\/gruene-selters.de\/wp-content\/uploads\/2026\/02\/ANF_2000_0271_Energiestandards-_-verbraeuche-und-Kosten-oeffentlicher_-gemeindeeigener-Gebaeude.pdf\">Energiestandards \/-verbr\u00e4uche und -Kosten \u00f6ffentlicher\/ gemeindeeigener Geb\u00e4ude<\/a><\/td><td>ANF\/2000\/0271<\/td><td>&nbsp;<\/td><\/tr><tr><td><a href=\"https:\/\/gruene-selters.de\/wp-content\/uploads\/2026\/02\/ANF_2000_0265_Bericht-der-Klimakommune-Selters.pdf\">Bericht der Klimakommune Selters 2021<\/a><\/td><td>ANF\/2000\/0265<\/td><td>&nbsp;<\/td><\/tr><tr><td><a href=\"https:\/\/gruene-selters.de\/wp-content\/uploads\/2026\/02\/ANF_2000_0266_Niederselterser-Alleen.pdf\">Niederselterser Alleen<\/a><\/td><td>ANF\/2000\/0266<\/td><td>&nbsp;<\/td><\/tr><tr><td><a href=\"https:\/\/gruene-selters.de\/wp-content\/uploads\/2026\/02\/ANF_2000_0267_Ausgleichs-und-Kompensationsflaechen.pdf\">Ausgleichs- und Kompensationsfl\u00e4chen<\/a><\/td><td>ANF\/2000\/0267<\/td><td>&nbsp;<\/td><\/tr><tr><td>TOP 16_Anfrage_B\u00fcrgerstrom<\/td><td>GVE_2021-12-16<\/td><td>&nbsp;<\/td><\/tr><tr><td><a href=\"https:\/\/gruene-selters.de\/wp-content\/uploads\/2026\/02\/GVE_2021-11-16_TOP-14_Anfrage_Anschlussmoeglichkeiten-an-Hackschnitzelanlage-.pdf\">TOP 14_Anfrage_Anschlussm\u00f6glichkeiten an Hackschnitzelheizzentrale<\/a><\/td><td>GVE_2021-11-16<\/td><td>&nbsp;<\/td><\/tr><tr><td>TOP 23_Anfrage_Job-Bikes f\u00fcr Angestellte der Gemeindeverwaltung<\/td><td>GVE_2021-09-30<\/td><td>&nbsp;<\/td><\/tr><tr><td><a href=\"https:\/\/gruene-selters.de\/wp-content\/uploads\/2026\/02\/ANF_2000_0243_Solarstrom-von-oeffentlichen-Daechern-_-Stromtankstellen.pdf\">Solarstrom von \u00f6ffentlichen D\u00e4chern \/ Stromtankstellen<\/a><\/td><td>ANF\/2000\/0243<\/td><td>&nbsp;<\/td><\/tr><tr><td><a href=\"https:\/\/gruene-selters.de\/wp-content\/uploads\/2026\/02\/ANF_2000_0244_Statusanfrage-zum-Beitritt-als-Klimakommune.pdf\">Statusanfrage zum Beitritt der Klimakommune<\/a><\/td><td>ANF\/2000\/0244<\/td><td>&nbsp;<\/td><\/tr><\/tbody><\/table><\/figure>\n","protected":false},"excerpt":{"rendered":"<p>Hier findest Du unsere Initiativen von 2021 &#8211; 2026. Unser Anliegen ist es, die politische Arbeit der Fraktion transparent und nachvollziehbar zu gestalten. Es ist eine \u00dcbersicht \u00fcber unsere Antr\u00e4ge [&hellip;]<\/p>\n","protected":false},"author":7,"featured_media":0,"parent":0,"menu_order":0,"comment_status":"closed","ping_status":"closed","template":"","meta":{"footnotes":""},"class_list":["post-734","page","type-page","status-publish","hentry"],"_links":{"self":[{"href":"https:\/\/gruene-selters.de\/index.php?rest_route=\/wp\/v2\/pages\/734","targetHints":{"allow":["GET"]}}],"collection":[{"href":"https:\/\/gruene-selters.de\/index.php?rest_route=\/wp\/v2\/pages"}],"about":[{"href":"https:\/\/gruene-selters.de\/index.php?rest_route=\/wp\/v2\/types\/page"}],"author":[{"embeddable":true,"href":"https:\/\/gruene-selters.de\/index.php?rest_route=\/wp\/v2\/users\/7"}],"replies":[{"embeddable":true,"href":"https:\/\/gruene-selters.de\/index.php?rest_route=%2Fwp%2Fv2%2Fcomments&post=734"}],"version-history":[{"count":12,"href":"https:\/\/gruene-selters.de\/index.php?rest_route=\/wp\/v2\/pages\/734\/revisions"}],"predecessor-version":[{"id":903,"href":"https:\/\/gruene-selters.de\/index.php?rest_route=\/wp\/v2\/pages\/734\/revisions\/903"}],"wp:attachment":[{"href":"https:\/\/gruene-selters.de\/index.php?rest_route=%2Fwp%2Fv2%2Fmedia&parent=734"}],"curies":[{"name":"wp","href":"https:\/\/api.w.org\/{rel}","templated":true}]}}