{"id":492,"date":"2026-02-07T11:45:59","date_gmt":"2026-02-07T11:45:59","guid":{"rendered":"https:\/\/gruene-selters.de\/?page_id=492"},"modified":"2026-02-07T15:39:23","modified_gmt":"2026-02-07T15:39:23","slug":"kommunalwahl-2026","status":"publish","type":"page","link":"https:\/\/gruene-selters.de\/?page_id=492","title":{"rendered":"Kommunalwahl 2026 &#8211; unsere Themen"},"content":{"rendered":"\n<p class=\"has-medium-font-size\"><\/p>\n\n\n\n<p>Unser Wahlprogramm ist ein bunter Strau\u00df an Themen, f\u00fcr die wir uns jetzt und in Zukunft stark machen werden. <\/p>\n\n\n\n<div class=\"wp-block-columns is-layout-flex wp-container-core-columns-is-layout-9d6595d7 wp-block-columns-is-layout-flex\">\n<div class=\"wp-block-column is-layout-flow wp-block-column-is-layout-flow\">\n<figure class=\"wp-block-image size-large\"><img loading=\"lazy\" decoding=\"async\" width=\"800\" height=\"1000\" src=\"https:\/\/gruene-selters.de\/wp-content\/uploads\/2026\/02\/Buergernah_neu-800x1000.jpg\" alt=\"\" class=\"wp-image-577\" srcset=\"https:\/\/gruene-selters.de\/wp-content\/uploads\/2026\/02\/Buergernah_neu-800x1000.jpg 800w, https:\/\/gruene-selters.de\/wp-content\/uploads\/2026\/02\/Buergernah_neu-400x500.jpg 400w, https:\/\/gruene-selters.de\/wp-content\/uploads\/2026\/02\/Buergernah_neu-768x960.jpg 768w, https:\/\/gruene-selters.de\/wp-content\/uploads\/2026\/02\/Buergernah_neu.jpg 1080w\" sizes=\"auto, (max-width: 800px) 100vw, 800px\" \/><\/figure>\n<\/div>\n\n\n\n<div class=\"wp-block-column is-layout-flow wp-block-column-is-layout-flow\">\n<figure class=\"wp-block-image size-large\"><img loading=\"lazy\" decoding=\"async\" width=\"800\" height=\"1000\" src=\"https:\/\/gruene-selters.de\/wp-content\/uploads\/2026\/02\/Lebenswert-800x1000.jpg\" alt=\"\" class=\"wp-image-511\" srcset=\"https:\/\/gruene-selters.de\/wp-content\/uploads\/2026\/02\/Lebenswert-800x1000.jpg 800w, https:\/\/gruene-selters.de\/wp-content\/uploads\/2026\/02\/Lebenswert-400x500.jpg 400w, https:\/\/gruene-selters.de\/wp-content\/uploads\/2026\/02\/Lebenswert-768x960.jpg 768w, https:\/\/gruene-selters.de\/wp-content\/uploads\/2026\/02\/Lebenswert.jpg 1080w\" sizes=\"auto, (max-width: 800px) 100vw, 800px\" \/><\/figure>\n<\/div>\n<\/div>\n\n\n\n<p><\/p>\n\n\n\n<div class=\"wp-block-columns are-vertically-aligned-center is-layout-flex wp-container-core-columns-is-layout-9d6595d7 wp-block-columns-is-layout-flex\">\n<div class=\"wp-block-column is-vertically-aligned-center is-layout-flow wp-block-column-is-layout-flow\">\n<figure class=\"wp-block-image size-large\"><img loading=\"lazy\" decoding=\"async\" width=\"800\" height=\"1000\" src=\"https:\/\/gruene-selters.de\/wp-content\/uploads\/2026\/02\/Klimabewussst_neu-800x1000.jpg\" alt=\"\" class=\"wp-image-579\" srcset=\"https:\/\/gruene-selters.de\/wp-content\/uploads\/2026\/02\/Klimabewussst_neu-800x1000.jpg 800w, https:\/\/gruene-selters.de\/wp-content\/uploads\/2026\/02\/Klimabewussst_neu-400x500.jpg 400w, https:\/\/gruene-selters.de\/wp-content\/uploads\/2026\/02\/Klimabewussst_neu-768x960.jpg 768w, https:\/\/gruene-selters.de\/wp-content\/uploads\/2026\/02\/Klimabewussst_neu.jpg 1080w\" sizes=\"auto, (max-width: 800px) 100vw, 800px\" \/><\/figure>\n<\/div>\n\n\n\n<div class=\"wp-block-column is-vertically-aligned-center is-layout-flow wp-block-column-is-layout-flow\">\n<figure class=\"wp-block-image size-large\"><img loading=\"lazy\" decoding=\"async\" width=\"800\" height=\"1000\" src=\"https:\/\/gruene-selters.de\/wp-content\/uploads\/2026\/02\/Nachhaltig-800x1000.jpg\" alt=\"\" class=\"wp-image-513\" srcset=\"https:\/\/gruene-selters.de\/wp-content\/uploads\/2026\/02\/Nachhaltig-800x1000.jpg 800w, https:\/\/gruene-selters.de\/wp-content\/uploads\/2026\/02\/Nachhaltig-400x500.jpg 400w, https:\/\/gruene-selters.de\/wp-content\/uploads\/2026\/02\/Nachhaltig-768x960.jpg 768w, https:\/\/gruene-selters.de\/wp-content\/uploads\/2026\/02\/Nachhaltig.jpg 1080w\" sizes=\"auto, (max-width: 800px) 100vw, 800px\" \/><\/figure>\n<\/div>\n<\/div>\n\n\n\n<p><\/p>\n\n\n\n<p>Mit deiner Unterst\u00fctzung bei der Wahl schaffen wir es, den gr\u00fcnen Gedanken in der politischen Landschaft unserer Gemeinde zu leben und wachsen zu lassen.&nbsp;<\/p>\n\n\n\n<p><\/p>\n","protected":false},"excerpt":{"rendered":"<p>Unser Wahlprogramm ist ein bunter Strau\u00df an Themen, f\u00fcr die wir uns jetzt und in Zukunft stark machen werden. Mit deiner Unterst\u00fctzung bei der Wahl schaffen wir es, den gr\u00fcnen [&hellip;]<\/p>\n","protected":false},"author":7,"featured_media":0,"parent":0,"menu_order":0,"comment_status":"closed","ping_status":"closed","template":"","meta":{"footnotes":""},"class_list":["post-492","page","type-page","status-publish","hentry"],"_links":{"self":[{"href":"https:\/\/gruene-selters.de\/index.php?rest_route=\/wp\/v2\/pages\/492","targetHints":{"allow":["GET"]}}],"collection":[{"href":"https:\/\/gruene-selters.de\/index.php?rest_route=\/wp\/v2\/pages"}],"about":[{"href":"https:\/\/gruene-selters.de\/index.php?rest_route=\/wp\/v2\/types\/page"}],"author":[{"embeddable":true,"href":"https:\/\/gruene-selters.de\/index.php?rest_route=\/wp\/v2\/users\/7"}],"replies":[{"embeddable":true,"href":"https:\/\/gruene-selters.de\/index.php?rest_route=%2Fwp%2Fv2%2Fcomments&post=492"}],"version-history":[{"count":15,"href":"https:\/\/gruene-selters.de\/index.php?rest_route=\/wp\/v2\/pages\/492\/revisions"}],"predecessor-version":[{"id":731,"href":"https:\/\/gruene-selters.de\/index.php?rest_route=\/wp\/v2\/pages\/492\/revisions\/731"}],"wp:attachment":[{"href":"https:\/\/gruene-selters.de\/index.php?rest_route=%2Fwp%2Fv2%2Fmedia&parent=492"}],"curies":[{"name":"wp","href":"https:\/\/api.w.org\/{rel}","templated":true}]}}