{"id":154,"date":"2020-11-10T13:26:10","date_gmt":"2020-11-10T13:26:10","guid":{"rendered":"https:\/\/gruene-selters.de\/?page_id=154"},"modified":"2020-11-16T13:51:54","modified_gmt":"2020-11-16T13:51:54","slug":"kommunalwahl-2021","status":"publish","type":"page","link":"https:\/\/gruene-selters.de\/?page_id=154","title":{"rendered":"Kommunalwahl 2021"},"content":{"rendered":"\n<p>Im M\u00e4rz 2021 finden in Hessen Kommunalwahlen statt. Auch in Selters werden Gemeindevertretung und Ortsbeir\u00e4te neu gew\u00e4hlt und erstmals wird sich auch eine GR\u00dcNE Liste zur Wahl stellen.<br>In den kommenden Monaten werden wir gemeinsam Ideen und Handlungsfelder f\u00fcr \u201aMehr GR\u00dcN in Selters\u2018 entwickeln.<\/p>\n\n\n\n<p><br>Interessiert?<br>Dann melde Dich doch einfach bei uns: Email:\u00a0<a rel=\"noreferrer noopener\" target=\"_blank\" href=\"#\" data-unscramble=\"moc.liamg@sretles.eneurg\">gruene.selters@gmail.com<\/a><br>Tel. 06475-9110968 (Silvia Seibert) oder 06483-805627 (Alexander Kolb)<\/p>\n\n\n\n<figure class=\"wp-block-image size-large\"><img loading=\"lazy\" decoding=\"async\" width=\"800\" height=\"800\" src=\"https:\/\/gruene-selters.de\/wp-content\/uploads\/2020\/11\/Sharepic3_Veraenderung-800x800.png\" alt=\"\" class=\"wp-image-169\" srcset=\"https:\/\/gruene-selters.de\/wp-content\/uploads\/2020\/11\/Sharepic3_Veraenderung-800x800.png 800w, https:\/\/gruene-selters.de\/wp-content\/uploads\/2020\/11\/Sharepic3_Veraenderung-400x400.png 400w, https:\/\/gruene-selters.de\/wp-content\/uploads\/2020\/11\/Sharepic3_Veraenderung-150x150.png 150w, https:\/\/gruene-selters.de\/wp-content\/uploads\/2020\/11\/Sharepic3_Veraenderung-768x768.png 768w, https:\/\/gruene-selters.de\/wp-content\/uploads\/2020\/11\/Sharepic3_Veraenderung.png 1080w\" sizes=\"auto, (max-width: 800px) 100vw, 800px\" \/><\/figure>\n","protected":false},"excerpt":{"rendered":"<p>Im M\u00e4rz 2021 finden in Hessen Kommunalwahlen statt. Auch in Selters werden Gemeindevertretung und Ortsbeir\u00e4te neu gew\u00e4hlt und erstmals wird sich auch eine GR\u00dcNE Liste zur Wahl stellen.In den kommenden [&hellip;]<\/p>\n","protected":false},"author":2,"featured_media":0,"parent":0,"menu_order":0,"comment_status":"closed","ping_status":"closed","template":"","meta":{"footnotes":""},"class_list":["post-154","page","type-page","status-publish","hentry"],"_links":{"self":[{"href":"https:\/\/gruene-selters.de\/index.php?rest_route=\/wp\/v2\/pages\/154","targetHints":{"allow":["GET"]}}],"collection":[{"href":"https:\/\/gruene-selters.de\/index.php?rest_route=\/wp\/v2\/pages"}],"about":[{"href":"https:\/\/gruene-selters.de\/index.php?rest_route=\/wp\/v2\/types\/page"}],"author":[{"embeddable":true,"href":"https:\/\/gruene-selters.de\/index.php?rest_route=\/wp\/v2\/users\/2"}],"replies":[{"embeddable":true,"href":"https:\/\/gruene-selters.de\/index.php?rest_route=%2Fwp%2Fv2%2Fcomments&post=154"}],"version-history":[{"count":5,"href":"https:\/\/gruene-selters.de\/index.php?rest_route=\/wp\/v2\/pages\/154\/revisions"}],"predecessor-version":[{"id":171,"href":"https:\/\/gruene-selters.de\/index.php?rest_route=\/wp\/v2\/pages\/154\/revisions\/171"}],"wp:attachment":[{"href":"https:\/\/gruene-selters.de\/index.php?rest_route=%2Fwp%2Fv2%2Fmedia&parent=154"}],"curies":[{"name":"wp","href":"https:\/\/api.w.org\/{rel}","templated":true}]}}